0
What is the highest common factor of 1236 and 5556?
12
What is the greatest common factor of 8 and 827?
1
Calculate the greatest common factor of 2135 and 97783.
427
What is the highest common divisor of 41895 and 1235?
95
What is the greatest common divisor of 15048 and 12078?
198
What is the highest common divisor of 256 and 2325760?
256
Calculate the greatest common divisor of 15910 and 1075.
215
What is the highest common factor of 4029 and 11152?
17
What is the highest common factor of 12670 and 1330?
70
Calculate the highest common factor of 66066 and 10374.
546
What is the greatest common divisor of 17472 and 924?
84
What is the highest common factor of 1013 and 1019078?
1013
Calculate the greatest common factor of 194 and 14.
2
What is the greatest common divisor of 273 and 80220?
21
Calculate the highest common factor of 64 and 119104.
64
Calculate the highest common factor of 60543 and 63.
63
What is the highest common divisor of 171506 and 29?
29
What is the greatest common factor of 1592 and 3128?
8
What is the greatest common factor of 31812 and 264?
132
Calculate the highest common factor of 18 and 142713.
9
What is the highest common divisor of 22332 and 564?
12
Calculate the highest common divisor of 423120 and 3870.
1290
What is the highest common divisor of 143346 and 168?
42
Calculate the highest common factor of 3660660 and 135.
135
What is the highest common divisor of 6188 and 32760?
364
What is the highest common divisor of 468076 and 730?
146
What is the highest common factor of 93 and 1023?
93
What is the greatest common divisor of 10959 and 139657?
281
Calculate the highest common divisor of 553 and 9638.
79
Calculate the highest common factor of 2383700 and 1452.
484
What is the greatest common divisor of 333 and 119547?
333
What is the greatest common divisor of 621250 and 994?
994
What is the highest common factor of 4869775 and 1025?
1025
Calculate the greatest common factor of 82 and 112586.
82
What is the greatest common divisor of 30 and 106770?
30
Calculate the greatest common divisor of 2151 and 3438.
9
Calculate the greatest common divisor of 59 and 4262868.
59
What is the greatest common factor of 945 and 1512?
189
What is the greatest common factor of 52600 and 900?
100
What is the highest common divisor of 7146 and 738?
18
Calculate the highest common divisor of 42484 and 380.
76
What is the highest common divisor of 45 and 3479460?
15
Calculate the highest common divisor of 27 and 576.
9
Calculate the highest common divisor of 14251383 and 2349.
2349
What is the highest common factor of 24852 and 5668?
436
Calculate the highest common divisor of 57369 and 39.
39
What is the highest common divisor of 41008 and 1408?
176
What is the greatest common divisor of 35258 and 488?
122
Calculate the greatest common factor of 887000 and 200.
200
Calculate the highest common divisor of 20940 and 1.
1
Calculate the greatest common factor of 43505 and 11.
11
What is the highest common divisor of 8772 and 52116?
516
Calculate the greatest common factor of 1632135 and 5565.
795
Calculate the greatest common factor of 205164 and 12.
12
What is the greatest common divisor of 98197 and 1017?
113
Calculate the highest common divisor of 238 and 203371.
119
Calculate the highest common factor of 21173 and 31.
31
Calculate the greatest common divisor of 11860 and 190.
10
What is the highest common divisor of 2325 and 22227?
93
What is the highest common factor of 193932 and 36?
36
What is the highest common factor of 48994 and 32?
2
What is the highest common divisor of 249 and 75281?
83
What is the highest common divisor of 402 and 45627?
201
Calculate the greatest common factor of 36 and 67086.
18
Calculate the greatest common factor of 109040 and 88.
8
Calculate the greatest common divisor of 34 and 1723987.
17
What is the greatest common factor of 3345 and 435?
15
What is the highest common factor of 24 and 491088?
24
Calculate the greatest common factor of 85329 and 1996.
499
What is the highest common factor of 18513 and 3?
3
What is the highest common factor of 19552 and 39?
13
Calculate the greatest common divisor of 2286780 and 6.
6
Calculate the greatest common factor of 1644 and 324.
12
Calculate the highest common factor of 2739 and 6336.
33
Calculate the greatest common divisor of 124 and 56048.
124
Calculate the greatest common divisor of 240 and 502410.
30
Calculate the highest common divisor of 1258 and 49173.
37
What is the greatest common factor of 28 and 12560?
4
What is the greatest common factor of 236 and 585811?
59
What is the highest common divisor of 504 and 536088?
168
What is the highest common divisor of 14329 and 5162?
89
What is the greatest common factor of 55096 and 172104?
568
Calculate the highest common factor of 41588 and 17908.
148
Calculate the greatest common divisor of 410 and 23944.
82
What is the greatest common divisor of 13056 and 3468?
204
Calculate the highest common factor of 3600 and 648.
72
Calculate the highest common divisor of 389087 and 13354.
607
Calculate the highest common factor of 7575 and 1275.
75
Calculate the highest common factor of 3 and 332652.
3
Calculate the greatest common divisor of 611 and 107677.
47
Calculate the greatest common divisor of 7521 and 28.
1
Calculate the highest common factor of 17910 and 490.
10
What is the highest common divisor of 20120 and 60?
20
Calculate the highest common divisor of 918177 and 39.
39
Calculate the greatest common divisor of 115617 and 51.
51
Calculate the greatest common factor of 4152 and 4671.
519
What is the greatest common factor of 180047 and 62033?
1513
What is the highest common divisor of 2032 and 162814?
254
Calculate the greatest common factor of 2061 and 225.
9
Calculate the greatest common factor of 289 and 358394.
17
What is the highest common factor of 471774 and 549?
183
Calculate the greatest common divisor of 174 and 219.
3
Calculate the highest common factor of 70 and 37814.
14
Calculate the greatest common factor of 87 and 42079.
29
What is the highest common factor of 403 and 195?
13
What is the greatest common divisor of 24569 and 228585?
311
Calculate the highest common divisor of 33975 and 19875.
75
Calculate the greatest common factor of 90 and 794800.
10
Calculate the highest common factor of 230139 and 1405.
281
What is the greatest common divisor of 3038 and 98?
98
Calculate the greatest common factor of 30 and 122175.
15
Calculate the highest common divisor of 188240 and 1404.
52
Calculate the greatest common factor of 1026 and 40878.
54
What is the highest common divisor of 320246 and 17?
17
Calculate the highest common divisor of 650 and 10515050.
650
Calculate the greatest common divisor of 1279894 and 56.
14
What is the greatest common divisor of 141 and 1623?
3
What is the highest common factor of 167798 and 318?
106
What is the highest common factor of 14778 and 2838?
6
What is the highest common factor of 78 and 48867?
39
Calculate the highest common divisor of 15822 and 243.
27
What is the greatest common factor of 11330 and 87550?
1030
What is the greatest common divisor of 9825 and 4425?
75
What is the highest common divisor of 296 and 25493?
37
Calculate the greatest common factor of 15 and 44565.
15
Calculate the highest common divisor of 5236 and 2380.
476
Calculate the highest common factor of 24 and 1297572.
12
Calculate the highest common divisor of 4220 and 65.
5
What is the highest common factor of 25636 and 203?
29
What is the highest common divisor of 140216 and 136?
136
Calculate the greatest common factor of 241549 and 66.
11
Calculate the highest common divisor of 768966 and 33.
33
Calculate the highest common factor of 6902 and 261.
29
Calculate the highest common divisor of 17 and 168810.
17
Calculate the greatest common divisor of 3699633 and 651.
651
Calculate the greatest common divisor of 214314 and 92.
46
Calculate the greatest common factor of 3030962 and 44.
22
Calculate the highest common divisor of 8 and 6780.
4
Calculate the greatest common factor of 929628 and 372.
372
Calculate the greatest common factor of 17 and 546346.
17
What is the highest common factor of 204 and 461346?
102
What is the highest common factor of 798 and 534?
6
Calculate the grea